{"id":6297,"date":"2019-11-27T12:49:48","date_gmt":"2019-11-27T12:49:48","guid":{"rendered":"http:\/\/consulting.stylemixthemes.com\/demo\/?page_id=6297"},"modified":"2021-10-19T15:04:47","modified_gmt":"2021-10-19T20:04:47","slug":"noticias","status":"publish","type":"page","link":"https:\/\/www.amchambaq.com\/en\/noticias\/","title":{"rendered":"News"},"content":{"rendered":"<div class=\"wpb-content-wrapper\"><div class=\"vc_row wpb_row vc_row-fluid\"><div class=\"wpb_column vc_column_container vc_col-sm-12\"><div class=\"vc_column-inner\"><div class=\"wpb_wrapper\"><div class=\"vc_empty_space\"   style=\"height: 32px\"><span class=\"vc_empty_space_inner\"><\/span><\/div>\n\n    <div class=\"stm_news\">\n        <ul class=\"news_list posts_per_row_4\">\n\n                                                <li>\n                        <div class=\"post_inner\">\n                                                                                                                                        <div class=\"image\">\n                                            <a href=\"https:\/\/www.amchambaq.com\/en\/60-lideres-llegan-a-uninorte-este-30-de-abril\/\">\n                                                <img loading=\"lazy\" decoding=\"async\" width=\"350\" height=\"250\" src=\"https:\/\/www.amchambaq.com\/wp-content\/uploads\/2026\/04\/60-lideres-uninorte-350x250.png\" class=\"attachment-consulting-image-350x250-croped\" alt=\"\" title=\"60 lideres uninorte\" srcset=\"https:\/\/www.amchambaq.com\/wp-content\/uploads\/2026\/04\/60-lideres-uninorte-350x250.png 350w, https:\/\/www.amchambaq.com\/wp-content\/uploads\/2026\/04\/60-lideres-uninorte-255x182.png 255w, https:\/\/www.amchambaq.com\/wp-content\/uploads\/2026\/04\/60-lideres-uninorte-900x640.png 900w\" sizes=\"auto, (max-width: 350px) 100vw, 350px\" \/>                                            <\/a>\n                                        <\/div>\n                                                                                                                                        <div class=\"stm_news_unit-block\">\n                                        <h5 class=\"no_stripe\"><a\n                                                    href=\"https:\/\/www.amchambaq.com\/en\/60-lideres-llegan-a-uninorte-este-30-de-abril\/\">60 l\u00edderes llegan a Uninorte este 30 de abril<\/a>\n                                        <\/h5>\n\n                                                                                    <div class=\"stm_the_excerpt\">\n                                                <p>En\u00a0uno de los eventos conmemorativos de los 60 a\u00f1os de fundaci\u00f3n de la Universidad del Norte,\u00a060 l\u00edderes\u00a0de distintas edades, sectores y procedencias se toman el\u00a0jueves 30 de abril\u00a0las clases regulares de pregrado para compartir con los nuevos talentos c\u00f3mo impactar la sociedad. Un espacio donde la teor\u00eda se encuentra con la pr\u00e1ctica, las ideas se<\/p>\n                                            <\/div>\n                                                                                                                            <div class=\"date\">\n                                                                                                    <span class=\"the_date\">April 29, 2026<\/span>\n                                                                                                                                                <a href=\"https:\/\/www.amchambaq.com\/en\/60-lideres-llegan-a-uninorte-este-30-de-abril\/\"\n                                                   class=\"button size-lg hidden\">Read more<\/a>\n                                            <\/div>\n                                                                            <\/div>\n                                                                                    <\/div>\n                    <\/li>\n                                                    <li>\n                        <div class=\"post_inner\">\n                                                                                                                                        <div class=\"image\">\n                                            <a href=\"https:\/\/www.amchambaq.com\/en\/indicadores-economicos-y-decision-de-la-fed-marcaran-la-agenda-de-estados-unidos-esta-semana\/\">\n                                                <img loading=\"lazy\" decoding=\"async\" width=\"350\" height=\"250\" src=\"https:\/\/www.amchambaq.com\/wp-content\/uploads\/2025\/12\/20241007-steinberg-politica-economica-eeuu-tras-las-elecciones-350x250.jpg\" class=\"attachment-consulting-image-350x250-croped\" alt=\"\" title=\"20241007-steinberg-politica-economica-eeuu-tras-las-elecciones\" srcset=\"https:\/\/www.amchambaq.com\/wp-content\/uploads\/2025\/12\/20241007-steinberg-politica-economica-eeuu-tras-las-elecciones-350x250.jpg 350w, https:\/\/www.amchambaq.com\/wp-content\/uploads\/2025\/12\/20241007-steinberg-politica-economica-eeuu-tras-las-elecciones-255x182.jpg 255w, https:\/\/www.amchambaq.com\/wp-content\/uploads\/2025\/12\/20241007-steinberg-politica-economica-eeuu-tras-las-elecciones-900x640.jpg 900w\" sizes=\"auto, (max-width: 350px) 100vw, 350px\" \/>                                            <\/a>\n                                        <\/div>\n                                                                                                                                        <div class=\"stm_news_unit-block\">\n                                        <h5 class=\"no_stripe\"><a\n                                                    href=\"https:\/\/www.amchambaq.com\/en\/indicadores-economicos-y-decision-de-la-fed-marcaran-la-agenda-de-estados-unidos-esta-semana\/\">Indicadores econ\u00f3micos y decisi\u00f3n de la FED marcar\u00e1n la agenda de Estados Unidos esta semana<\/a>\n                                        <\/h5>\n\n                                                                                    <div class=\"stm_the_excerpt\">\n                                                <p>El pr\u00f3ximo martes, The Conference Board publicar\u00e1 el \u00edndice de confianza del consumidor correspondiente a abril, un indicador clave para evaluar la solidez del consumo privado al inicio del segundo trimestre de 2026. El dato ser\u00e1 particularmente relevante en un momento en el que persisten presiones inflacionarias asociadas a choques de oferta \u2014especialmente energ\u00eda\u2014 y<\/p>\n                                            <\/div>\n                                                                                                                            <div class=\"date\">\n                                                                                                    <span class=\"the_date\">April 29, 2026<\/span>\n                                                                                                                                                <a href=\"https:\/\/www.amchambaq.com\/en\/indicadores-economicos-y-decision-de-la-fed-marcaran-la-agenda-de-estados-unidos-esta-semana\/\"\n                                                   class=\"button size-lg hidden\">Read more<\/a>\n                                            <\/div>\n                                                                            <\/div>\n                                                                                    <\/div>\n                    <\/li>\n                                                    <li>\n                        <div class=\"post_inner\">\n                                                                                                                                        <div class=\"image\">\n                                            <a href=\"https:\/\/www.amchambaq.com\/en\/estados-unidos-sera-observador-de-las-elecciones-presidenciales-el-31-de-mayo\/\">\n                                                <img loading=\"lazy\" decoding=\"async\" width=\"350\" height=\"250\" src=\"https:\/\/www.amchambaq.com\/wp-content\/uploads\/2025\/12\/20241007-steinberg-politica-economica-eeuu-tras-las-elecciones-350x250.jpg\" class=\"attachment-consulting-image-350x250-croped\" alt=\"\" title=\"20241007-steinberg-politica-economica-eeuu-tras-las-elecciones\" srcset=\"https:\/\/www.amchambaq.com\/wp-content\/uploads\/2025\/12\/20241007-steinberg-politica-economica-eeuu-tras-las-elecciones-350x250.jpg 350w, https:\/\/www.amchambaq.com\/wp-content\/uploads\/2025\/12\/20241007-steinberg-politica-economica-eeuu-tras-las-elecciones-255x182.jpg 255w, https:\/\/www.amchambaq.com\/wp-content\/uploads\/2025\/12\/20241007-steinberg-politica-economica-eeuu-tras-las-elecciones-900x640.jpg 900w\" sizes=\"auto, (max-width: 350px) 100vw, 350px\" \/>                                            <\/a>\n                                        <\/div>\n                                                                                                                                        <div class=\"stm_news_unit-block\">\n                                        <h5 class=\"no_stripe\"><a\n                                                    href=\"https:\/\/www.amchambaq.com\/en\/estados-unidos-sera-observador-de-las-elecciones-presidenciales-el-31-de-mayo\/\">Estados Unidos ser\u00e1 observador de las elecciones presidenciales el 31 de mayo<\/a>\n                                        <\/h5>\n\n                                                                                    <div class=\"stm_the_excerpt\">\n                                                <p>Estados Unidos\u00a0ser\u00e1 por primera vez observador internacional en las\u00a0elecciones presidenciales de Colombia, el pr\u00f3ximo\u00a031 de mayo, confirm\u00f3 este mi\u00e9rcoles el\u00a0Consejo Nacional Electoral (CNE), que acredit\u00f3 a 86 miembros de la embajada de ese pa\u00eds que vigilar\u00e1n los comicios en diferentes ciudades colombianas. \u201cLa autoridad acredit\u00f3 oficialmente a la Embajada de los Estados Unidos en Colombia<\/p>\n                                            <\/div>\n                                                                                                                            <div class=\"date\">\n                                                                                                    <span class=\"the_date\">April 23, 2026<\/span>\n                                                                                                                                                <a href=\"https:\/\/www.amchambaq.com\/en\/estados-unidos-sera-observador-de-las-elecciones-presidenciales-el-31-de-mayo\/\"\n                                                   class=\"button size-lg hidden\">Read more<\/a>\n                                            <\/div>\n                                                                            <\/div>\n                                                                                    <\/div>\n                    <\/li>\n                                                    <li>\n                        <div class=\"post_inner\">\n                                                                                                                                        <div class=\"image\">\n                                            <a href=\"https:\/\/www.amchambaq.com\/en\/estados-unidos-levanto-sanciones-al-banco-central-de-venezuela\/\">\n                                                <img loading=\"lazy\" decoding=\"async\" width=\"350\" height=\"250\" src=\"https:\/\/www.amchambaq.com\/wp-content\/uploads\/2026\/04\/banco-central-de-Venezuela-350x250.jpg\" class=\"attachment-consulting-image-350x250-croped\" alt=\"\" title=\"banco-central-de-Venezuela\" srcset=\"https:\/\/www.amchambaq.com\/wp-content\/uploads\/2026\/04\/banco-central-de-Venezuela-350x250.jpg 350w, https:\/\/www.amchambaq.com\/wp-content\/uploads\/2026\/04\/banco-central-de-Venezuela-18x12.jpg 18w, https:\/\/www.amchambaq.com\/wp-content\/uploads\/2026\/04\/banco-central-de-Venezuela-255x182.jpg 255w, https:\/\/www.amchambaq.com\/wp-content\/uploads\/2026\/04\/banco-central-de-Venezuela-900x640.jpg 900w\" sizes=\"auto, (max-width: 350px) 100vw, 350px\" \/>                                            <\/a>\n                                        <\/div>\n                                                                                                                                        <div class=\"stm_news_unit-block\">\n                                        <h5 class=\"no_stripe\"><a\n                                                    href=\"https:\/\/www.amchambaq.com\/en\/estados-unidos-levanto-sanciones-al-banco-central-de-venezuela\/\">Estados Unidos levant\u00f3 sanciones al Banco Central de Venezuela<\/a>\n                                        <\/h5>\n\n                                                                                    <div class=\"stm_the_excerpt\">\n                                                <p>El Gobierno de Estados Unidos levant\u00f3 este martes las sanciones impuestas al sistema de banca p\u00fablica venezolana, incluyendo al Banco Central de Venezuela. La medida, anunciada por el Departamento de Tesoro, tambi\u00e9n incluye al Banco de Venezuela, al Banco Digital de los Trabajadores, al Banco de Tesoro y cualquier entidad en la que alguna de<\/p>\n                                            <\/div>\n                                                                                                                            <div class=\"date\">\n                                                                                                    <span class=\"the_date\">April 15, 2026<\/span>\n                                                                                                                                                <a href=\"https:\/\/www.amchambaq.com\/en\/estados-unidos-levanto-sanciones-al-banco-central-de-venezuela\/\"\n                                                   class=\"button size-lg hidden\">Read more<\/a>\n                                            <\/div>\n                                                                            <\/div>\n                                                                                    <\/div>\n                    <\/li>\n                        <\/ul>\n    <\/div>\n\n<\/div><\/div><\/div><\/div><div class=\"vc_row wpb_row vc_row-fluid\"><div class=\"wpb_column vc_column_container vc_col-sm-4\"><div class=\"vc_column-inner\"><div class=\"wpb_wrapper\"><\/div><\/div><\/div><div class=\"wpb_column vc_column_container vc_col-sm-4\"><div class=\"vc_column-inner\"><div class=\"wpb_wrapper\"><div class=\"vc_btn3-container vc_btn3-center vc_do_btn\" ><a class=\"vc_general vc_btn3 vc_btn3-size-md vc_btn3-shape-rounded vc_btn3-style-flat vc_btn3-color-theme_style_1\" href=\"https:\/\/www.amchambaq.com\/en\/category\/noticias\/\" title=\"\">Ver m\u00e1s<\/a><\/div><\/div><\/div><\/div><div class=\"wpb_column vc_column_container vc_col-sm-4\"><div class=\"vc_column-inner\"><div class=\"wpb_wrapper\"><\/div><\/div><\/div><\/div>\n<\/div>","protected":false},"excerpt":{"rendered":"El Gobierno de Estados Unidos levant\u00f3 este martes las sanciones impuestas al sistema de banca p\u00fablica venezolana, incluyendo al Banco Central de Venezuela. La medida, anunciada por el Departamento de Tesoro, tambi\u00e9n incluye al Banco de Venezuela, al Banco Digital de los Trabajadores, al Banco de Tesoro y cualquier entidad en la que alguna de","protected":false},"author":1,"featured_media":0,"parent":0,"menu_order":0,"comment_status":"closed","ping_status":"closed","template":"","meta":{"footnotes":""},"class_list":["post-6297","page","type-page","status-publish","hentry"],"_links":{"self":[{"href":"https:\/\/www.amchambaq.com\/en\/wp-json\/wp\/v2\/pages\/6297","targetHints":{"allow":["GET"]}}],"collection":[{"href":"https:\/\/www.amchambaq.com\/en\/wp-json\/wp\/v2\/pages"}],"about":[{"href":"https:\/\/www.amchambaq.com\/en\/wp-json\/wp\/v2\/types\/page"}],"author":[{"embeddable":true,"href":"https:\/\/www.amchambaq.com\/en\/wp-json\/wp\/v2\/users\/1"}],"replies":[{"embeddable":true,"href":"https:\/\/www.amchambaq.com\/en\/wp-json\/wp\/v2\/comments?post=6297"}],"version-history":[{"count":11,"href":"https:\/\/www.amchambaq.com\/en\/wp-json\/wp\/v2\/pages\/6297\/revisions"}],"predecessor-version":[{"id":8043,"href":"https:\/\/www.amchambaq.com\/en\/wp-json\/wp\/v2\/pages\/6297\/revisions\/8043"}],"wp:attachment":[{"href":"https:\/\/www.amchambaq.com\/en\/wp-json\/wp\/v2\/media?parent=6297"}],"curies":[{"name":"wp","href":"https:\/\/api.w.org\/{rel}","templated":true}]}}

<div class="wpb-content-wrapper"><div class="vc_row wpb_row vc_row-fluid"><div class="wpb_column vc_column_container vc_col-sm-12"><div class="vc_column-inner"><div class="wpb_wrapper"><div class="vc_empty_space"   style="height: 32px"><span class="vc_empty_space_inner"></span></div>

    <div class="stm_news">
        <ul class="news_list posts_per_row_4">

                                                <li>
                        <div class="post_inner">
                                                                                                                                        <div class="image">
                                            <a href="https://www.amchambaq.com/en/60-lideres-llegan-a-uninorte-este-30-de-abril/">
                                                <img loading="lazy" decoding="async" width="350" height="250" src="https://www.amchambaq.com/wp-content/uploads/2026/04/60-lideres-uninorte-350x250.png" class="attachment-consulting-image-350x250-croped" alt="" title="60 lideres uninorte" srcset="https://www.amchambaq.com/wp-content/uploads/2026/04/60-lideres-uninorte-350x250.png 350w, https://www.amchambaq.com/wp-content/uploads/2026/04/60-lideres-uninorte-255x182.png 255w, https://www.amchambaq.com/wp-content/uploads/2026/04/60-lideres-uninorte-900x640.png 900w" sizes="auto, (max-width: 350px) 100vw, 350px" />                                            </a>
                                        </div>
                                                                                                                                        <div class="stm_news_unit-block">
                                        <h5 class="no_stripe"><a
                                                    href="https://www.amchambaq.com/en/60-lideres-llegan-a-uninorte-este-30-de-abril/">60 líderes llegan a Uninorte este 30 de abril</a>
                                        </h5>

                                                                                    <div class="stm_the_excerpt">
                                                <p>En uno de los eventos conmemorativos de los 60 años de fundación de la Universidad del Norte, 60 líderes de distintas edades, sectores y procedencias se toman el jueves 30 de abril las clases regulares de pregrado para compartir con los nuevos talentos cómo impactar la sociedad. Un espacio donde la teoría se encuentra con la práctica, las ideas se</p>
                                            </div>
                                                                                                                            <div class="date">
                                                                                                    <span class="the_date">April 29, 2026</span>
                                                                                                                                                <a href="https://www.amchambaq.com/en/60-lideres-llegan-a-uninorte-este-30-de-abril/"
                                                   class="button size-lg hidden">Read more</a>
                                            </div>
                                                                            </div>
                                                                                    </div>
                    </li>
                                                    <li>
                        <div class="post_inner">
                                                                                                                                        <div class="image">
                                            <a href="https://www.amchambaq.com/en/indicadores-economicos-y-decision-de-la-fed-marcaran-la-agenda-de-estados-unidos-esta-semana/">
                                                <img loading="lazy" decoding="async" width="350" height="250" src="https://www.amchambaq.com/wp-content/uploads/2025/12/20241007-steinberg-politica-economica-eeuu-tras-las-elecciones-350x250.jpg" class="attachment-consulting-image-350x250-croped" alt="" title="20241007-steinberg-politica-economica-eeuu-tras-las-elecciones" srcset="https://www.amchambaq.com/wp-content/uploads/2025/12/20241007-steinberg-politica-economica-eeuu-tras-las-elecciones-350x250.jpg 350w, https://www.amchambaq.com/wp-content/uploads/2025/12/20241007-steinberg-politica-economica-eeuu-tras-las-elecciones-255x182.jpg 255w, https://www.amchambaq.com/wp-content/uploads/2025/12/20241007-steinberg-politica-economica-eeuu-tras-las-elecciones-900x640.jpg 900w" sizes="auto, (max-width: 350px) 100vw, 350px" />                                            </a>
                                        </div>
                                                                                                                                        <div class="stm_news_unit-block">
                                        <h5 class="no_stripe"><a
                                                    href="https://www.amchambaq.com/en/indicadores-economicos-y-decision-de-la-fed-marcaran-la-agenda-de-estados-unidos-esta-semana/">Indicadores económicos y decisión de la FED marcarán la agenda de Estados Unidos esta semana</a>
                                        </h5>

                                                                                    <div class="stm_the_excerpt">
                                                <p>El próximo martes, The Conference Board publicará el índice de confianza del consumidor correspondiente a abril, un indicador clave para evaluar la solidez del consumo privado al inicio del segundo trimestre de 2026. El dato será particularmente relevante en un momento en el que persisten presiones inflacionarias asociadas a choques de oferta —especialmente energía— y</p>
                                            </div>
                                                                                                                            <div class="date">
                                                                                                    <span class="the_date">April 29, 2026</span>
                                                                                                                                                <a href="https://www.amchambaq.com/en/indicadores-economicos-y-decision-de-la-fed-marcaran-la-agenda-de-estados-unidos-esta-semana/"
                                                   class="button size-lg hidden">Read more</a>
                                            </div>
                                                                            </div>
                                                                                    </div>
                    </li>
                                                    <li>
                        <div class="post_inner">
                                                                                                                                        <div class="image">
                                            <a href="https://www.amchambaq.com/en/estados-unidos-sera-observador-de-las-elecciones-presidenciales-el-31-de-mayo/">
                                                <img loading="lazy" decoding="async" width="350" height="250" src="https://www.amchambaq.com/wp-content/uploads/2025/12/20241007-steinberg-politica-economica-eeuu-tras-las-elecciones-350x250.jpg" class="attachment-consulting-image-350x250-croped" alt="" title="20241007-steinberg-politica-economica-eeuu-tras-las-elecciones" srcset="https://www.amchambaq.com/wp-content/uploads/2025/12/20241007-steinberg-politica-economica-eeuu-tras-las-elecciones-350x250.jpg 350w, https://www.amchambaq.com/wp-content/uploads/2025/12/20241007-steinberg-politica-economica-eeuu-tras-las-elecciones-255x182.jpg 255w, https://www.amchambaq.com/wp-content/uploads/2025/12/20241007-steinberg-politica-economica-eeuu-tras-las-elecciones-900x640.jpg 900w" sizes="auto, (max-width: 350px) 100vw, 350px" />                                            </a>
                                        </div>
                                                                                                                                        <div class="stm_news_unit-block">
                                        <h5 class="no_stripe"><a
                                                    href="https://www.amchambaq.com/en/estados-unidos-sera-observador-de-las-elecciones-presidenciales-el-31-de-mayo/">Estados Unidos será observador de las elecciones presidenciales el 31 de mayo</a>
                                        </h5>

                                                                                    <div class="stm_the_excerpt">
                                                <p>Estados Unidos será por primera vez observador internacional en las elecciones presidenciales de Colombia, el próximo 31 de mayo, confirmó este miércoles el Consejo Nacional Electoral (CNE), que acreditó a 86 miembros de la embajada de ese país que vigilarán los comicios en diferentes ciudades colombianas. “La autoridad acreditó oficialmente a la Embajada de los Estados Unidos en Colombia</p>
                                            </div>
                                                                                                                            <div class="date">
                                                                                                    <span class="the_date">April 23, 2026</span>
                                                                                                                                                <a href="https://www.amchambaq.com/en/estados-unidos-sera-observador-de-las-elecciones-presidenciales-el-31-de-mayo/"
                                                   class="button size-lg hidden">Read more</a>
                                            </div>
                                                                            </div>
                                                                                    </div>
                    </li>
                                                    <li>
                        <div class="post_inner">
                                                                                                                                        <div class="image">
                                            <a href="https://www.amchambaq.com/en/estados-unidos-levanto-sanciones-al-banco-central-de-venezuela/">
                                                <img loading="lazy" decoding="async" width="350" height="250" src="https://www.amchambaq.com/wp-content/uploads/2026/04/banco-central-de-Venezuela-350x250.jpg" class="attachment-consulting-image-350x250-croped" alt="" title="banco-central-de-Venezuela" srcset="https://www.amchambaq.com/wp-content/uploads/2026/04/banco-central-de-Venezuela-350x250.jpg 350w, https://www.amchambaq.com/wp-content/uploads/2026/04/banco-central-de-Venezuela-18x12.jpg 18w, https://www.amchambaq.com/wp-content/uploads/2026/04/banco-central-de-Venezuela-255x182.jpg 255w, https://www.amchambaq.com/wp-content/uploads/2026/04/banco-central-de-Venezuela-900x640.jpg 900w" sizes="auto, (max-width: 350px) 100vw, 350px" />                                            </a>
                                        </div>
                                                                                                                                        <div class="stm_news_unit-block">
                                        <h5 class="no_stripe"><a
                                                    href="https://www.amchambaq.com/en/estados-unidos-levanto-sanciones-al-banco-central-de-venezuela/">Estados Unidos levantó sanciones al Banco Central de Venezuela</a>
                                        </h5>

                                                                                    <div class="stm_the_excerpt">
                                                <p>El Gobierno de Estados Unidos levantó este martes las sanciones impuestas al sistema de banca pública venezolana, incluyendo al Banco Central de Venezuela. La medida, anunciada por el Departamento de Tesoro, también incluye al Banco de Venezuela, al Banco Digital de los Trabajadores, al Banco de Tesoro y cualquier entidad en la que alguna de</p>
                                            </div>
                                                                                                                            <div class="date">
                                                                                                    <span class="the_date">April 15, 2026</span>
                                                                                                                                                <a href="https://www.amchambaq.com/en/estados-unidos-levanto-sanciones-al-banco-central-de-venezuela/"
                                                   class="button size-lg hidden">Read more</a>
                                            </div>
                                                                            </div>
                                                                                    </div>
                    </li>
                        </ul>
    </div>

</div></div></div></div><div class="vc_row wpb_row vc_row-fluid"><div class="wpb_column vc_column_container vc_col-sm-4"><div class="vc_column-inner"><div class="wpb_wrapper"></div></div></div><div class="wpb_column vc_column_container vc_col-sm-4"><div class="vc_column-inner"><div class="wpb_wrapper"><div class="vc_btn3-container vc_btn3-center vc_do_btn" ><a class="vc_general vc_btn3 vc_btn3-size-md vc_btn3-shape-rounded vc_btn3-style-flat vc_btn3-color-theme_style_1" href="https://www.amchambaq.com/en/category/noticias/" title="">Ver más</a></div></div></div></div><div class="wpb_column vc_column_container vc_col-sm-4"><div class="vc_column-inner"><div class="wpb_wrapper"></div></div></div></div>
</div>

El Gobierno de Estados Unidos levantó este martes las sanciones impuestas al sistema de banca pública venezolana, incluyendo al Banco Central de Venezuela. La medida, anunciada por el Departamento de Tesoro, también incluye al Banco de Venezuela, al Banco Digital de los Trabajadores, al Banco de Tesoro y cualquier entidad en la que alguna de
